 211.
199
What is the remainder when 85 is divided by 8?
5
What is the remainder when 342 is divided by 8?
6
What is the remainder when 393 is divided by 53?
22
Calculate the remainder when 359 is divided by 30.
29
What is the remainder when 628 is divided by 70?
68
What is the remainder when 709 is divided by 45?
34
Calculate the remainder when 1439 is divided by 15.
14
What is the remainder when 586 is divided by 104?
66
What is the remainder when 2863 is divided by 29?
21
What is the remainder when 6650 is divided by 21?
14
What is the remainder when 458 is divided by 46?
44
What is the remainder when 186 is divided by 98?
88
What is the remainder when 2049 is divided by 108?
105
Calculate the remainder when 401 is divided by 81.
77
Calculate the remainder when 1306 is divided by 38.
14
Calculate the remainder when 60 is divided by 3.
0
Calculate the remainder when 6805 is divided by 680.
5
Calculate the remainder when 866 is divided by 430.
6
Calculate the remainder when 5185 is divided by 7.
5
Calculate the remainder when 772 is divided by 97.
93
Calculate the remainder when 184 is divided by 59.
7
Calculate the remainder when 1156 is divided by 73.
61
Calculate the remainder when 636 is divided by 211.
3
Calculate the remainder when 405 is divided by 37.
35
What is the remainder when 172 is divided by 36?
28
Calculate the remainder when 23641 is divided by 46.
43
Calculate the remainder when 130 is divided by 22.
20
What is the remainder when 275 is divided by 139?
136
Calculate the remainder when 2098 is divided by 82.
48
Calculate the remainder when 532 is divided by 41.
40
What is the remainder when 9064 is divided by 1509?
10
What is the remainder when 79 is divided by 49?
30
What is the remainder when 362 is divided by 176?
10
Calculate the remainder when 1096 is divided by 73.
1
Calculate the remainder when 1943 is divided by 162.
161
What is the remainder when 987 is divided by 98?
7
What is the remainder when 398 is divided by 20?
18
What is the remainder when 4184 is divided by 93?
92
Calculate the remainder when 628 is divided by 30.
28
What is the remainder when 2488 is divided by 47?
44
Calculate the remainder when 1438 is divided by 38.
32
Calculate the remainder when 130 is divided by 114.
16
Calculate the remainder when 155 is divided by 51.
2
What is the remainder when 158 is divided by 18?
14
Calculate the remainder when 1705 is divided by 420.
25
What is the remainder when 7702 is divided by 3851?
0
Calculate the remainder when 200 is divided by 30.
20
What is the remainder when 83 is divided by 42?
41
Calculate the remainder when 4339 is divided by 140.
139
Calculate the remainder when 952 is divided by 9.
7
Calculate the remainder when 318 is divided by 73.
26
Calculate the remainder when 87 is divided by 23.
18
What is the remainder when 4484 is divided by 132?
128
Calculate the remainder when 592 is divided by 19.
3
Calculate the remainder when 106 is divided by 49.
8
Calculate the remainder when 74 is divided by 21.
11
Calculate the remainder when 2456 is divided by 39.
38
Calculate the remainder when 98 is divided by 26.
20
What is the remainder when 439 is divided by 28?
19
What is the remainder when 722 is divided by 29?
26
What is the remainder when 1029 is divided by 47?
42
Calculate the remainder when 1022 is divided by 57.
53
What is the remainder when 968 is divided by 5?
3
What is the remainder when 62 is divided by 31?
0
Calculate the remainder when 235 is divided by 68.
31
What is the remainder when 135 is divided by 13?
5
Calculate the remainder when 375 is divided by 42.
39
What is the remainder when 326 is divided by 82?
80
Calculate the remainder when 234 is divided by 14.
10
Calculate the remainder when 303 is divided by 102.
99
Calculate the remainder when 468 is divided by 115.
8
Calculate the remainder when 1248 is divided by 115.
98
What is the remainder when 1416 is divided by 177?
0
What is the remainder when 206 is divided by 26?
24
What is the remainder when 131 is divided by 67?
64
What is the remainder when 3941 is divided by 68?
65
What is the remainder when 2874 is divided by 1421?
32
Calculate the remainder when 573 is divided by 18.
15
Calculate the remainder when 428 is divided by 155.
118
Calculate the remainder when 1470 is divided by 183.
6
Calculate the remainder when 4505 is divided by 30.
5
What is the remainder when 194 is divided by 36?
14
Calculate the remainder when 38789 is divided by 52.
49
Calculate the remainder when 107 is divided by 56.
51
Calculate the remainder when 662 is divided by 652.
10
Calculate the remainder when 4748 is divided by 36.
32
What is the remainder when 172 is divided by 39?
16
Calculate the remainder when 697 is divided by 673.
24
What is the remainder when 4822 is divided by 25?
22
What is the remainder when 50 is divided by 23?
4
What is the remainder when 617 is divided by 145?
37
Calculate the remainder when 500 is divided by 3.
2
Calculate the remainder when 108 is divided by 18.
0
Calculate the remainder when 3277 is divided by 466.
15
What is the remainder when 98 is divided by 31?
5
What is the remainder when 79 is divided by 8?
7
Calculate the remainder when 153 is divided by 84.
69
What is the remainder when 72 is divided by 16?
8
Calculate the remainder when 124 is divided by 111.
13
What is the remainder when 2330 is divided by 15?
5
Calculate the remainder when 5692 is divided by 15.
7
Calculate the remainder when 296 is divided by 38.
30
Calculate the remainder when 6360 is divided by 91.
81
Calculate the remainder when 2131 is divided by 11.
8
What is the remainder when 799 is divided by 41?
20
What is the remainder when 622 is divided by 13?
11
What is the remainder when 24869 is divided by 323?
321
Calculate the remainder when 206 is divided by 70.
66
Calculate the remainder when 1299 is divided by 10.
9
What is the remainder when 17 is divided by 9?
8
What is the remainder when 1935 is divided by 11?
10
Calculate the remainder when 219 is divided by 57.
48
Calculate the remainder when 124 is divided by 36.
16
What is the remainder when 1300 is divided by 14?
12
What is the remainder when 12 is divided by 4?
0
What is the remainder when 111 is divided by 29?
24
Calculate the remainder when 966 is divided by 35.
21
Calculate the remainder when 67274 is divided by 195.
194
What is the remainder when 136 is divided by 36?
28
What is the remainder when 3347 is divided by 62?
61
What is the remainder when 190 is divided by 38?
0
Calculate the remainder when 83 is divided by 59.
24
Calculate the remainder when 16628 is divided by 66.
62
Calculate the remainder when 29366 is divided by 9786.
8
What is the remainder when 22 is divided by 2?
0
Calculate the remainder when 1257 is divided by 24.
9
What is the remainder when 7510 is divided by 23?
12
What is the remainder when 710 is divided by 93?
59
What is the remainder when 74 is divided by 13?
9
What is the remainder when 62 is divided by 16?
14
Calculate the remainder when 873 is divided by 59.
47
Calculate the remainder when 276 is divided by 38.
10
What is the remainder when 166 is divided by 52?
10
Calculate the remainder when 249 is divided by 242.
7
What is the remainder when 953 is divided by 467?
19
Calculate the remainder when 64 is divided by 15.
4
Calculate the remainder when 1947 is divided by 523.
378
Calculate the remainder when 803 is divided by 62.
59
What is the remainder when 4102 is divided by 114?
112
Calculate the remainder when 2524 is divided by 1233.
58
Calculate the remainder when 85 is divided by 12.
1
What is the remainder when 10518 is divided by 3503?
9
What is the remainder when 644 is divided by 9?
5
Calculate the remainder when 2421 is divided by 90.
81
Calculate the remainder when 31 is divided by 17.
14
Calculate the remainder when 20 is divided by 8.
4
Calculate the remainder when 163 is divided by 13.
7
Calculate the remainder when 35 is divided by 9.
8
What is the remainder when 66 is divided by 5?
1
Calculate the remainder when 496 is divided by 72.
64
What is the remainder when 372 is divided by 11?
9
What is the remainder when 63 is divided by 21?
0
What is the remainder when 2220 is divided by 118?
96
What is the remainder when 5339 is divid